{"id":147,"date":"2018-01-30T18:28:00","date_gmt":"2018-01-30T18:28:00","guid":{"rendered":"http:\/\/stiftung-perspektive-usedom.de\/?page_id=147"},"modified":"2021-01-30T15:07:54","modified_gmt":"2021-01-30T15:07:54","slug":"vision","status":"publish","type":"page","link":"https:\/\/stiftung-perspektive-usedom.de\/?page_id=147","title":{"rendered":"Die Vision"},"content":{"rendered":"<p>Ein gro\u00dfer Teil der Erdbev\u00f6lkerung ist gezeichnet durch Armut, unzureichender Schulbildung und medizinischer Versorgung, Kriege und Vertreibung, Terror und Gewalt. Im Vergleich hierzu geht es uns in Deutschland gut. Aber nicht alles Leben bei uns steht auf der Gewinnerseite. Minderheiten, Alte, Arme und Schwache werden schnell ausgegrenzt, vergessen oder gar angefeindet, sind benachteiligt gegen\u00fcber der Masse \u2013 teilweise auch die Natur, die sich gegen\u00fcber uns Menschen nicht wehren kann. Deren Interessen gehen oft unter.<\/p>\n<p>Mit dem Engagement der Stiftung Perspektive Usedom soll eine Br\u00fccke, eine Klammer f\u00fcr die errichtet werden, die sich schwer wehren k\u00f6nnen und unsere Aufmerksamkeit, R\u00fccksichtnahme, Toleranz und Unterst\u00fctzung ben\u00f6tigen.<\/p>\n<p>Die Stifter haben eine 50-Plus-WG errichtet. Um diese langfristig zu sichern, wurde diese Immobilie in die Stiftung eingebracht. Durch die Immobilie, den Mietertr\u00e4gen und Zinsen kann die Vision der Stifter langfristig und nachhaltig wirken, sich f\u00fcr all jene zu engagieren, die unsere Hilfe am n\u00f6tigsten brauchen, insbesondere unser Lebensraum, der f\u00fcr uns alle lebenswichtig ist - die Natur.<\/p>\n<p>Auch war es ein Anliegen der Stifter, etwas in die Gesellschaft zur\u00fcck zu geben. Auf der Sonnenseite des Lebens stehend, sehen wir es als unsere moralische Pflicht, uns f\u00fcr die Gemeinschaft zu engagieren.<\/p>\n","protected":false},"excerpt":{"rendered":"<p>Ein gro\u00dfer Teil der Erdbev\u00f6lkerung ist gezeichnet durch Armut, unzureichender Schulbildung und medizinischer Versorgung, Kriege und Vertreibung, Terror und Gewalt. Im Vergleich hierzu geht es uns in Deutschland gut. Aber nicht alles Leben bei uns steht auf der Gewinnerseite. Minderheiten, Alte, Arme und Schwache werden schnell ausgegrenzt, vergessen oder gar angefeindet, sind benachteiligt gegen\u00fcber der <a href=\"https:\/\/stiftung-perspektive-usedom.de\/?page_id=147\" class=\"more-link\">...weiterlesen<span class=\"screen-reader-text\"> \"Die Vision\"<\/span><\/a><\/p>\n","protected":false},"author":1,"featured_media":0,"parent":2,"menu_order":0,"comment_status":"closed","ping_status":"closed","template":"page-templates\/full-width.php","meta":{"footnotes":""},"class_list":["post-147","page","type-page","status-publish","h-entry","hentry","h-as-page"],"_links":{"self":[{"href":"https:\/\/stiftung-perspektive-usedom.de\/index.php?rest_route=\/wp\/v2\/pages\/147","targetHints":{"allow":["GET"]}}],"collection":[{"href":"https:\/\/stiftung-perspektive-usedom.de\/index.php?rest_route=\/wp\/v2\/pages"}],"about":[{"href":"https:\/\/stiftung-perspektive-usedom.de\/index.php?rest_route=\/wp\/v2\/types\/page"}],"author":[{"embeddable":true,"href":"https:\/\/stiftung-perspektive-usedom.de\/index.php?rest_route=\/wp\/v2\/users\/1"}],"replies":[{"embeddable":true,"href":"https:\/\/stiftung-perspektive-usedom.de\/index.php?rest_route=%2Fwp%2Fv2%2Fcomments&post=147"}],"version-history":[{"count":6,"href":"https:\/\/stiftung-perspektive-usedom.de\/index.php?rest_route=\/wp\/v2\/pages\/147\/revisions"}],"predecessor-version":[{"id":400,"href":"https:\/\/stiftung-perspektive-usedom.de\/index.php?rest_route=\/wp\/v2\/pages\/147\/revisions\/400"}],"up":[{"embeddable":true,"href":"https:\/\/stiftung-perspektive-usedom.de\/index.php?rest_route=\/wp\/v2\/pages\/2"}],"wp:attachment":[{"href":"https:\/\/stiftung-perspektive-usedom.de\/index.php?rest_route=%2Fwp%2Fv2%2Fmedia&parent=147"}],"curies":[{"name":"wp","href":"https:\/\/api.w.org\/{rel}","templated":true}]}}

<p>Ein großer Teil der Erdbevölkerung ist gezeichnet durch Armut, unzureichender Schulbildung und medizinischer Versorgung, Kriege und Vertreibung, Terror und Gewalt. Im Vergleich hierzu geht es uns in Deutschland gut. Aber nicht alles Leben bei uns steht auf der Gewinnerseite. Minderheiten, Alte, Arme und Schwache werden schnell ausgegrenzt, vergessen oder gar angefeindet, sind benachteiligt gegenüber der Masse – teilweise auch die Natur, die sich gegenüber uns Menschen nicht wehren kann. Deren Interessen gehen oft unter.</p>
<p>Mit dem Engagement der Stiftung Perspektive Usedom soll eine Brücke, eine Klammer für die errichtet werden, die sich schwer wehren können und unsere Aufmerksamkeit, Rücksichtnahme, Toleranz und Unterstützung benötigen.</p>
<p>Die Stifter haben eine 50-Plus-WG errichtet. Um diese langfristig zu sichern, wurde diese Immobilie in die Stiftung eingebracht. Durch die Immobilie, den Mieterträgen und Zinsen kann die Vision der Stifter langfristig und nachhaltig wirken, sich für all jene zu engagieren, die unsere Hilfe am nötigsten brauchen, insbesondere unser Lebensraum, der für uns alle lebenswichtig ist - die Natur.</p>
<p>Auch war es ein Anliegen der Stifter, etwas in die Gesellschaft zurück zu geben. Auf der Sonnenseite des Lebens stehend, sehen wir es als unsere moralische Pflicht, uns für die Gemeinschaft zu engagieren.</p>

<p>Ein großer Teil der Erdbevölkerung ist gezeichnet durch Armut, unzureichender Schulbildung und medizinischer Versorgung, Kriege und Vertreibung, Terror und Gewalt. Im Vergleich hierzu geht es uns in Deutschland gut. Aber nicht alles Leben bei uns steht auf der Gewinnerseite. Minderheiten, Alte, Arme und Schwache werden schnell ausgegrenzt, vergessen oder gar angefeindet, sind benachteiligt gegenüber der <a href="https://stiftung-perspektive-usedom.de/?page_id=147" class="more-link">...weiterlesen<span class="screen-reader-text"> "Die Vision"</span></a></p>
