{"id":2,"date":"2016-05-10T03:48:21","date_gmt":"2016-05-10T03:48:21","guid":{"rendered":"http:\/\/stiftung-perspektive-usedom.de\/?page_id=2"},"modified":"2019-10-19T15:54:14","modified_gmt":"2019-10-19T15:54:14","slug":"sample-page","status":"publish","type":"page","link":"https:\/\/stiftung-perspektive-usedom.de\/?page_id=2","title":{"rendered":"Die Stiftung"},"content":{"rendered":"<p>Die Stiftung Perspektive Usedom wurde von den Stiftern Ralf Wehner und Petra Pasch ins Leben gerufen und durch die Stiftungsbeh\u00f6rde im Justizministerium Mecklenburg-Vorpommern am 08.06.2017 anerkannt. Sie hat ihren Sitz in 17406 Usedom, OT Karnin.<\/p>\n<p>Die Stiftung Perspektive Usedom setzt sich ein<\/p>\n<ol>\n<li>prim\u00e4r f\u00fcr den Natur- und Artenschutz, aber auch<\/li>\n<li>f\u00fcr die Altenhilfe,<\/li>\n<li>f\u00fcr ein gewaltfreies Leben miteinander und<\/li>\n<li>gegen die Ausgrenzung von Menschen (z.B. Behinderte oder Fl\u00fcchtlinge).<\/li>\n<\/ol>\n","protected":false},"excerpt":{"rendered":"<p>Die Stiftung Perspektive Usedom wurde von den Stiftern Ralf Wehner und Petra Pasch ins Leben gerufen und durch die Stiftungsbeh\u00f6rde im Justizministerium Mecklenburg-Vorpommern am 08.06.2017 anerkannt. Sie hat ihren Sitz in 17406 Usedom, OT Karnin. Die Stiftung Perspektive Usedom setzt sich ein prim\u00e4r f\u00fcr den Natur- und Artenschutz, aber auch f\u00fcr die Altenhilfe, f\u00fcr ein <a href=\"https:\/\/stiftung-perspektive-usedom.de\/?page_id=2\" class=\"more-link\">...weiterlesen<span class=\"screen-reader-text\"> \"Die Stiftung\"<\/span><\/a><\/p>\n","protected":false},"author":1,"featured_media":0,"parent":0,"menu_order":0,"comment_status":"closed","ping_status":"open","template":"page-templates\/full-width.php","meta":{"footnotes":""},"class_list":["post-2","page","type-page","status-publish","h-entry","hentry","h-as-page"],"_links":{"self":[{"href":"https:\/\/stiftung-perspektive-usedom.de\/index.php?rest_route=\/wp\/v2\/pages\/2","targetHints":{"allow":["GET"]}}],"collection":[{"href":"https:\/\/stiftung-perspektive-usedom.de\/index.php?rest_route=\/wp\/v2\/pages"}],"about":[{"href":"https:\/\/stiftung-perspektive-usedom.de\/index.php?rest_route=\/wp\/v2\/types\/page"}],"author":[{"embeddable":true,"href":"https:\/\/stiftung-perspektive-usedom.de\/index.php?rest_route=\/wp\/v2\/users\/1"}],"replies":[{"embeddable":true,"href":"https:\/\/stiftung-perspektive-usedom.de\/index.php?rest_route=%2Fwp%2Fv2%2Fcomments&post=2"}],"version-history":[{"count":6,"href":"https:\/\/stiftung-perspektive-usedom.de\/index.php?rest_route=\/wp\/v2\/pages\/2\/revisions"}],"predecessor-version":[{"id":353,"href":"https:\/\/stiftung-perspektive-usedom.de\/index.php?rest_route=\/wp\/v2\/pages\/2\/revisions\/353"}],"wp:attachment":[{"href":"https:\/\/stiftung-perspektive-usedom.de\/index.php?rest_route=%2Fwp%2Fv2%2Fmedia&parent=2"}],"curies":[{"name":"wp","href":"https:\/\/api.w.org\/{rel}","templated":true}]}}