{"id":203,"date":"2018-03-20T14:41:43","date_gmt":"2018-03-20T14:41:43","guid":{"rendered":"http:\/\/stiftung-perspektive-usedom.de\/?page_id=203"},"modified":"2021-09-21T12:47:39","modified_gmt":"2021-09-21T12:47:39","slug":"partner","status":"publish","type":"page","link":"https:\/\/stiftung-perspektive-usedom.de\/?page_id=203","title":{"rendered":"Partner"},"content":{"rendered":"<p>Die von uns verfolgten Vorhaben lassen sich nicht alleine umsetzen. An jedem unserer Projekte sind unterschiedliche Stellen und Personen involviert. Ohne deren Unterst\u00fctzung, Engagement und Kooperation w\u00e4ren unsere Pl\u00e4ne und Visionen zum scheitern verurteilt. Die Arbeit mit \u00fcbergreifenden Teams bereitet uns viel Freude - wir erleben diese Zusammenarbeit als konstruktiv und bereichernd.<\/p>\n<p>An dieser Stelle m\u00f6chten wir uns bei unseren Kooperationspartnern bedanken:<\/p>\n<ul>\n<li><a href=\"https:\/\/www.agrar-anklam.de\/\">Anklamer Agrar AG<\/a><\/li>\n<li>Agrar GmbH Usedom &amp; Co. KG<\/li>\n<li><a href=\"http:\/\/www.ruheforst-stadtusedom.de\">Forstamt der Stadt Usedom<\/a><\/li>\n<li><a href=\"https:\/\/www.wald-mv.de\/Forstaemter\/Neu-Pudagla\/\">Forstamt Neu Pudagla, Landesforst M-V<\/a><\/li>\n<li>Gut Thurbruch GmbH, Benz<\/li>\n<li>Hannemann Landwirtschaftsbetrieb, Usedom<\/li>\n<li>Heidmann Landwirtschaftsbetrieb GbR, Usedom<\/li>\n<li>Kremers Hof, Zecherin<\/li>\n<li><a href=\"https:\/\/www.berlin.de\/senuvk\/forsten\/berliner_forsten\/index.shtml\">Landesforstamt Berlin<\/a><\/li>\n<li>Landwirtschafts-GmbH Burgwald, Mellenthin<\/li>\n<li><a href=\"http:\/\/www.anstiftung-mv.de\">Mecklenburger AnStiftung<\/a><\/li>\n<li><a href=\"http:\/\/www.naturpark-usedom.de\">Naturpark Insel Usedom<\/a><\/li>\n<li><a href=\"https:\/\/www.nabu-usedom.de\">Naturschutzbund - NaBu Regionalgruppe Usedom<\/a><\/li>\n<li><a href=\"http:\/\/www.peeneland-agrar.de\/\">Peeneland Agrar GmbH, Wolgast\/OT Hohendorf<\/a><\/li>\n<li><a href=\"http:\/\/www.stadtinfo-usedom.de\">Stadt Usedom<\/a><\/li>\n<li><a href=\"https:\/\/stadtquartier-usedom.de\/\">StadtQuartier Usedom<\/a><\/li>\n<li>Tierrettung Greifswald e.V.<\/li>\n<li>Untere Naturschutzbeh\u00f6rde, LK Vorpommern-Greifswald<\/li>\n<\/ul>\n","protected":false},"excerpt":{"rendered":"<p>Die von uns verfolgten Vorhaben lassen sich nicht alleine umsetzen. An jedem unserer Projekte sind unterschiedliche Stellen und Personen involviert. Ohne deren Unterst\u00fctzung, Engagement und Kooperation w\u00e4ren unsere Pl\u00e4ne und Visionen zum scheitern verurteilt. Die Arbeit mit \u00fcbergreifenden Teams bereitet uns viel Freude - wir erleben diese Zusammenarbeit als konstruktiv und bereichernd. An dieser Stelle <a href=\"https:\/\/stiftung-perspektive-usedom.de\/?page_id=203\" class=\"more-link\">...weiterlesen<span class=\"screen-reader-text\"> \"Partner\"<\/span><\/a><\/p>\n","protected":false},"author":1,"featured_media":0,"parent":85,"menu_order":0,"comment_status":"closed","ping_status":"closed","template":"page-templates\/full-width.php","meta":{"footnotes":""},"class_list":["post-203","page","type-page","status-publish","h-entry","hentry","h-as-page"],"_links":{"self":[{"href":"https:\/\/stiftung-perspektive-usedom.de\/index.php?rest_route=\/wp\/v2\/pages\/203","targetHints":{"allow":["GET"]}}],"collection":[{"href":"https:\/\/stiftung-perspektive-usedom.de\/index.php?rest_route=\/wp\/v2\/pages"}],"about":[{"href":"https:\/\/stiftung-perspektive-usedom.de\/index.php?rest_route=\/wp\/v2\/types\/page"}],"author":[{"embeddable":true,"href":"https:\/\/stiftung-perspektive-usedom.de\/index.php?rest_route=\/wp\/v2\/users\/1"}],"replies":[{"embeddable":true,"href":"https:\/\/stiftung-perspektive-usedom.de\/index.php?rest_route=%2Fwp%2Fv2%2Fcomments&post=203"}],"version-history":[{"count":19,"href":"https:\/\/stiftung-perspektive-usedom.de\/index.php?rest_route=\/wp\/v2\/pages\/203\/revisions"}],"predecessor-version":[{"id":432,"href":"https:\/\/stiftung-perspektive-usedom.de\/index.php?rest_route=\/wp\/v2\/pages\/203\/revisions\/432"}],"up":[{"embeddable":true,"href":"https:\/\/stiftung-perspektive-usedom.de\/index.php?rest_route=\/wp\/v2\/pages\/85"}],"wp:attachment":[{"href":"https:\/\/stiftung-perspektive-usedom.de\/index.php?rest_route=%2Fwp%2Fv2%2Fmedia&parent=203"}],"curies":[{"name":"wp","href":"https:\/\/api.w.org\/{rel}","templated":true}]}}

<p>Die von uns verfolgten Vorhaben lassen sich nicht alleine umsetzen. An jedem unserer Projekte sind unterschiedliche Stellen und Personen involviert. Ohne deren Unterstützung, Engagement und Kooperation wären unsere Pläne und Visionen zum scheitern verurteilt. Die Arbeit mit übergreifenden Teams bereitet uns viel Freude - wir erleben diese Zusammenarbeit als konstruktiv und bereichernd.</p>
<p>An dieser Stelle möchten wir uns bei unseren Kooperationspartnern bedanken:</p>
<ul>
<li><a href="https://www.agrar-anklam.de/">Anklamer Agrar AG</a></li>
<li>Agrar GmbH Usedom &amp; Co. KG</li>
<li><a href="http://www.ruheforst-stadtusedom.de">Forstamt der Stadt Usedom</a></li>
<li><a href="https://www.wald-mv.de/Forstaemter/Neu-Pudagla/">Forstamt Neu Pudagla, Landesforst M-V</a></li>
<li>Gut Thurbruch GmbH, Benz</li>
<li>Hannemann Landwirtschaftsbetrieb, Usedom</li>
<li>Heidmann Landwirtschaftsbetrieb GbR, Usedom</li>
<li>Kremers Hof, Zecherin</li>
<li><a href="https://www.berlin.de/senuvk/forsten/berliner_forsten/index.shtml">Landesforstamt Berlin</a></li>
<li>Landwirtschafts-GmbH Burgwald, Mellenthin</li>
<li><a href="http://www.anstiftung-mv.de">Mecklenburger AnStiftung</a></li>
<li><a href="http://www.naturpark-usedom.de">Naturpark Insel Usedom</a></li>
<li><a href="https://www.nabu-usedom.de">Naturschutzbund - NaBu Regionalgruppe Usedom</a></li>
<li><a href="http://www.peeneland-agrar.de/">Peeneland Agrar GmbH, Wolgast/OT Hohendorf</a></li>
<li><a href="http://www.stadtinfo-usedom.de">Stadt Usedom</a></li>
<li><a href="https://stadtquartier-usedom.de/">StadtQuartier Usedom</a></li>
<li>Tierrettung Greifswald e.V.</li>
<li>Untere Naturschutzbehörde, LK Vorpommern-Greifswald</li>
</ul>

<p>Die von uns verfolgten Vorhaben lassen sich nicht alleine umsetzen. An jedem unserer Projekte sind unterschiedliche Stellen und Personen involviert. Ohne deren Unterstützung, Engagement und Kooperation wären unsere Pläne und Visionen zum scheitern verurteilt. Die Arbeit mit übergreifenden Teams bereitet uns viel Freude - wir erleben diese Zusammenarbeit als konstruktiv und bereichernd. An dieser Stelle <a href="https://stiftung-perspektive-usedom.de/?page_id=203" class="more-link">...weiterlesen<span class="screen-reader-text"> "Partner"</span></a></p>
