{"id":231,"date":"2018-04-15T15:43:10","date_gmt":"2018-04-15T15:43:10","guid":{"rendered":"http:\/\/stiftung-perspektive-usedom.de\/?page_id=231"},"modified":"2018-09-15T11:50:56","modified_gmt":"2018-09-15T11:50:56","slug":"foerderantrag","status":"publish","type":"page","link":"https:\/\/stiftung-perspektive-usedom.de\/?page_id=231","title":{"rendered":"F\u00f6rderantrag"},"content":{"rendered":"<p>Sie m\u00f6chten, dass die Stiftung Perspektive Usedom Ihr Projekt durch eine F\u00f6rderung unterst\u00fctzt?<\/p>\n<p>Ihr F\u00f6rderantrag kann durch uns weiter verfolgt werden, sofern Sie folgende Fragen mit \"ja\" beantworten k\u00f6nnen:<\/p>\n<ol>\n<li>Handelt es sich um ein gemeinn\u00fctziges Projekt?<\/li>\n<li>Entspricht Ihr Projekt den Zielen der Stiftung Perspektive Usedom?<\/li>\n<li>Ist das Projekt nachhaltig?<\/li>\n<li>Ihr Projekt hat noch nicht begonnen?<\/li>\n<\/ol>\n<p>In einem F\u00f6rderantrag erl\u00e4utern Sie bitte Ihr Projekt mit schl\u00fcssigen Angaben, um sich ein Bild \u00fcber Ihr Vorhaben machen zu k\u00f6nnen.<br \/>\n1. Name des Projektes<br \/>\n2. Um was geht es?<br \/>\n3. Wo und wann soll das Projekt durchgef\u00fchrt werden?<br \/>\n4. Wie und warum soll das Projekt durchgef\u00fchrt werden, sofern nicht<br \/>\nselbsterkl\u00e4rend.<br \/>\n5. Kosten des Projektes (ggf. Kostenvoranschlag)<br \/>\n6. Vorhandene Eigenmittel<br \/>\n7. Weitere F\u00f6rdermittel durch andere Organistionen<\/p>\n<p>Der Projektantrag sollte 1 bis max. 4 Seiten umfassen und ggf. durch Anlagen erg\u00e4nzt werden, wie z.B. Kostenvoranschl\u00e4ge oder andere Dokumente, die zur Erl\u00e4uterung Ihres Vorhabens zweckdienlich sind.<\/p>\n<p>&nbsp;<\/p>\n","protected":false},"excerpt":{"rendered":"<p>Sie m\u00f6chten, dass die Stiftung Perspektive Usedom Ihr Projekt durch eine F\u00f6rderung unterst\u00fctzt? Ihr F\u00f6rderantrag kann durch uns weiter verfolgt werden, sofern Sie folgende Fragen mit \"ja\" beantworten k\u00f6nnen: Handelt es sich um ein gemeinn\u00fctziges Projekt? Entspricht Ihr Projekt den Zielen der Stiftung Perspektive Usedom? Ist das Projekt nachhaltig? Ihr Projekt hat noch nicht begonnen? <a href=\"https:\/\/stiftung-perspektive-usedom.de\/?page_id=231\" class=\"more-link\">...weiterlesen<span class=\"screen-reader-text\"> \"F\u00f6rderantrag\"<\/span><\/a><\/p>\n","protected":false},"author":1,"featured_media":0,"parent":63,"menu_order":0,"comment_status":"closed","ping_status":"closed","template":"page-templates\/full-width.php","meta":{"footnotes":""},"class_list":["post-231","page","type-page","status-publish","h-entry","hentry","h-as-page"],"_links":{"self":[{"href":"https:\/\/stiftung-perspektive-usedom.de\/index.php?rest_route=\/wp\/v2\/pages\/231","targetHints":{"allow":["GET"]}}],"collection":[{"href":"https:\/\/stiftung-perspektive-usedom.de\/index.php?rest_route=\/wp\/v2\/pages"}],"about":[{"href":"https:\/\/stiftung-perspektive-usedom.de\/index.php?rest_route=\/wp\/v2\/types\/page"}],"author":[{"embeddable":true,"href":"https:\/\/stiftung-perspektive-usedom.de\/index.php?rest_route=\/wp\/v2\/users\/1"}],"replies":[{"embeddable":true,"href":"https:\/\/stiftung-perspektive-usedom.de\/index.php?rest_route=%2Fwp%2Fv2%2Fcomments&post=231"}],"version-history":[{"count":4,"href":"https:\/\/stiftung-perspektive-usedom.de\/index.php?rest_route=\/wp\/v2\/pages\/231\/revisions"}],"predecessor-version":[{"id":234,"href":"https:\/\/stiftung-perspektive-usedom.de\/index.php?rest_route=\/wp\/v2\/pages\/231\/revisions\/234"}],"up":[{"embeddable":true,"href":"https:\/\/stiftung-perspektive-usedom.de\/index.php?rest_route=\/wp\/v2\/pages\/63"}],"wp:attachment":[{"href":"https:\/\/stiftung-perspektive-usedom.de\/index.php?rest_route=%2Fwp%2Fv2%2Fmedia&parent=231"}],"curies":[{"name":"wp","href":"https:\/\/api.w.org\/{rel}","templated":true}]}}

Förderantrag

<p>Sie möchten, dass die Stiftung Perspektive Usedom Ihr Projekt durch eine Förderung unterstützt?</p>
<p>Ihr Förderantrag kann durch uns weiter verfolgt werden, sofern Sie folgende Fragen mit "ja" beantworten können:</p>
<ol>
<li>Handelt es sich um ein gemeinnütziges Projekt?</li>
<li>Entspricht Ihr Projekt den Zielen der Stiftung Perspektive Usedom?</li>
<li>Ist das Projekt nachhaltig?</li>
<li>Ihr Projekt hat noch nicht begonnen?</li>
</ol>
<p>In einem Förderantrag erläutern Sie bitte Ihr Projekt mit schlüssigen Angaben, um sich ein Bild über Ihr Vorhaben machen zu können.<br />
1. Name des Projektes<br />
2. Um was geht es?<br />
3. Wo und wann soll das Projekt durchgeführt werden?<br />
4. Wie und warum soll das Projekt durchgeführt werden, sofern nicht<br />
selbsterklärend.<br />
5. Kosten des Projektes (ggf. Kostenvoranschlag)<br />
6. Vorhandene Eigenmittel<br />
7. Weitere Fördermittel durch andere Organistionen</p>
<p>Der Projektantrag sollte 1 bis max. 4 Seiten umfassen und ggf. durch Anlagen ergänzt werden, wie z.B. Kostenvoranschläge oder andere Dokumente, die zur Erläuterung Ihres Vorhabens zweckdienlich sind.</p>
<p>&nbsp;</p>

<p>Sie möchten, dass die Stiftung Perspektive Usedom Ihr Projekt durch eine Förderung unterstützt? Ihr Förderantrag kann durch uns weiter verfolgt werden, sofern Sie folgende Fragen mit "ja" beantworten können: Handelt es sich um ein gemeinnütziges Projekt? Entspricht Ihr Projekt den Zielen der Stiftung Perspektive Usedom? Ist das Projekt nachhaltig? Ihr Projekt hat noch nicht begonnen? <a href="https://stiftung-perspektive-usedom.de/?page_id=231" class="more-link">...weiterlesen<span class="screen-reader-text"> "Förderantrag"</span></a></p>
