{"id":70,"date":"2018-01-16T15:18:53","date_gmt":"2018-01-16T15:18:53","guid":{"rendered":"http:\/\/stiftung-perspektive-usedom.de\/?page_id=70"},"modified":"2019-10-19T16:08:17","modified_gmt":"2019-10-19T16:08:17","slug":"zustiftung","status":"publish","type":"page","link":"https:\/\/stiftung-perspektive-usedom.de\/?page_id=70","title":{"rendered":"Zustiftung"},"content":{"rendered":"<p>Durch eine Zustiftung werden Sie selbst zum Stifter und st\u00e4rken das Stiftungsverm\u00f6gen. Die Ertr\u00e4ge aus dem Stiftungsverm\u00f6gen werden f\u00fcr die Erf\u00fcllung der Stiftungsziele verwendet. So wirkt eine Zustiftung langfristig und dauerhaft.<\/p>\n<p>Zustiftungen ab EUR 1.000 nehmen wir gerne \u00fcber folgendes Konto entgegen:<\/p>\n<p>Stiftung Perspektive Usedom<br \/>\nIBAN: DE75 1505 0500 0100 1261 03<br \/>\nBIC: NOLADE21GRW<br \/>\nSparkasse Vorpommern<br \/>\nVerwendungszweck: Zustiftung (ggf. auch Ihre Adresse f\u00fcr eine Zuwendungsbest\u00e4tigung)<\/p>\n","protected":false},"excerpt":{"rendered":"<p>Durch eine Zustiftung werden Sie selbst zum Stifter und st\u00e4rken das Stiftungsverm\u00f6gen. Die Ertr\u00e4ge aus dem Stiftungsverm\u00f6gen werden f\u00fcr die Erf\u00fcllung der Stiftungsziele verwendet. So wirkt eine Zustiftung langfristig und dauerhaft. Zustiftungen ab EUR 1.000 nehmen wir gerne \u00fcber folgendes Konto entgegen: Stiftung Perspektive Usedom IBAN: DE75 1505 0500 0100 1261 03 BIC: NOLADE21GRW Sparkasse <a href=\"https:\/\/stiftung-perspektive-usedom.de\/?page_id=70\" class=\"more-link\">...weiterlesen<span class=\"screen-reader-text\"> \"Zustiftung\"<\/span><\/a><\/p>\n","protected":false},"author":1,"featured_media":0,"parent":66,"menu_order":0,"comment_status":"closed","ping_status":"closed","template":"page-templates\/full-width.php","meta":{"footnotes":""},"class_list":["post-70","page","type-page","status-publish","h-entry","hentry","h-as-page"],"_links":{"self":[{"href":"https:\/\/stiftung-perspektive-usedom.de\/index.php?rest_route=\/wp\/v2\/pages\/70","targetHints":{"allow":["GET"]}}],"collection":[{"href":"https:\/\/stiftung-perspektive-usedom.de\/index.php?rest_route=\/wp\/v2\/pages"}],"about":[{"href":"https:\/\/stiftung-perspektive-usedom.de\/index.php?rest_route=\/wp\/v2\/types\/page"}],"author":[{"embeddable":true,"href":"https:\/\/stiftung-perspektive-usedom.de\/index.php?rest_route=\/wp\/v2\/users\/1"}],"replies":[{"embeddable":true,"href":"https:\/\/stiftung-perspektive-usedom.de\/index.php?rest_route=%2Fwp%2Fv2%2Fcomments&post=70"}],"version-history":[{"count":9,"href":"https:\/\/stiftung-perspektive-usedom.de\/index.php?rest_route=\/wp\/v2\/pages\/70\/revisions"}],"predecessor-version":[{"id":361,"href":"https:\/\/stiftung-perspektive-usedom.de\/index.php?rest_route=\/wp\/v2\/pages\/70\/revisions\/361"}],"up":[{"embeddable":true,"href":"https:\/\/stiftung-perspektive-usedom.de\/index.php?rest_route=\/wp\/v2\/pages\/66"}],"wp:attachment":[{"href":"https:\/\/stiftung-perspektive-usedom.de\/index.php?rest_route=%2Fwp%2Fv2%2Fmedia&parent=70"}],"curies":[{"name":"wp","href":"https:\/\/api.w.org\/{rel}","templated":true}]}}