{"id":87,"date":"2018-01-17T11:32:21","date_gmt":"2018-01-17T11:32:21","guid":{"rendered":"http:\/\/stiftung-perspektive-usedom.de\/?page_id=87"},"modified":"2020-06-09T17:02:55","modified_gmt":"2020-06-09T17:02:55","slug":"impressum-kontakt","status":"publish","type":"page","link":"https:\/\/stiftung-perspektive-usedom.de\/?page_id=87","title":{"rendered":"Impressum \/ Kontakt"},"content":{"rendered":"<p>Stiftung Perspektive Usedom<br \/>\nKarnin 7<br \/>\n17406 Usedom<\/p>\n<p>e-mail: info@stiftung-perspektive-usedom.de<\/p>\n<p>Telefon: 0172 392 4190<\/p>\n<p><strong>Inhaltlich Verantwortlicher<\/strong> gem\u00e4\u00df \u00a7 10 Absatz 3 MDStV: Ralf Wehner<\/p>\n<p><strong>Haftungshinweis:<\/strong> Trotz sorgf\u00e4ltiger inhaltlicher Kontrolle \u00fcbernehmen wir keine Haftung f\u00fcr die Inhalte externer Links. F\u00fcr den Inhalt der verlinkten Seiten sind ausschlie\u00dflich deren Betreiber verantwortlich. Die verlinkten Seiten wurden zum Zeitpunkt der Verlinkung auf m\u00f6gliche Rechtsverst\u00f6\u00dfe \u00fcberpr\u00fcft. Rechtswidrige Inhalte waren zum Zeitpunkt der Verlinkung nicht erkennbar. Bei Bekanntwerden von Rechtsverletzungen werden wir derartige Links umgehend entfernen.<\/p>\n<p><strong><span class=\"kontakt\">Datenschutz: <\/span><\/strong>Die Nutzung unserer Webseite erfolgt ohne Abfrage personenbezogener Daten oder Aufzeichnungen. Wir verarbeiten die von Ihnen erhaltenen personenbezogenen Daten ausschlie\u00dflich auf gesicherten PCs in Tabellenverarbeitungsprogrammen, Mail-Accounts oder einem Adressverzeichnis.<\/p>\n<p>Ihre personenbezogenen Daten werden von uns nicht an Dritte weitergegeben, sofern Sie uns keine ausdr\u00fcckliche Einwilligung erteilt haben (Art. 6 Abs. 1 Satz 1 Buchst. a) DSGVO), wir nicht in Einzelf\u00e4llen zur Weitergabe rechtlich verpflichtet sind (Art 6 Abs. 1 Satz 1 Buchst. c) DSGVO oder es zur Geltendmachung, Aus\u00fcbung oder Verteidigung von Rechtsanspr\u00fcchen erforderlich ist und kein Grund zur Annahme besteht, dass Sie ein \u00fcberwiegendes schutzw\u00fcrdiges Interesse an der Nichtweitergabe Ihrer Daten haben (Art. 6 Abs. 1 Satz 1 Buchst. f) DSGVO).<\/p>\n<p>Sie haben das Recht, jederzeit Auskunft zu den \u00fcber Sie gespeicherten Daten zu erhalten. Sofern Sie personenbezogene Daten bereitgestellt haben, k\u00f6nnen Sie die \u00dcbermittlung dieser Daten verlangen. Zudem k\u00f6nnen Sie jederzeit die Korrektur oder L\u00f6schung Ihrer Daten verlangen, sofern f\u00fcr Letzeres keine gesetzlichen Aufbewahrungspflichten bestehen.<\/p>\n<p>Falls Sie Fragen zum Datenschutz oder zur Datenverarbeitung personenbezogener Daten innerhalb der Stiftung Perspektive Usedom haben, wenden Sie sich bitte an den Vorstand der Stiftung Perspektive Usedom (Kontaktdaten siehe oben). Daneben steht Ihnen ein Beschwerderecht bei einer Aufsichtsbeh\u00f6rde zu.\u00a0 F\u00fcr die Stiftung Perspektive Usedom ist dies der Landesbeauftragte f\u00fcr Datenschutz und Informationsfreiheit Mecklenburg-Vorpommern (Schloss Schwerin, 19053 Schwerin).<\/p>\n<p>Der Nutzung von im Rahmen der Impressumspflicht ver\u00f6ffentlichten Kontaktdaten durch Dritte zur \u00dcbersendung von nicht angeforderter Werbung und Informationsmaterialien wird hiermit ausdr\u00fccklich widersprochen.<\/p>\n<p>&nbsp;<\/p>\n<p>Die Erstellung der Homepage wurde gef\u00f6rdert durch die Ehrenamtsstiftung MV.<\/p>\n","protected":false},"excerpt":{"rendered":"<p>Stiftung Perspektive Usedom Karnin 7 17406 Usedom e-mail: info@stiftung-perspektive-usedom.de Telefon: 0172 392 4190 Inhaltlich Verantwortlicher gem\u00e4\u00df \u00a7 10 Absatz 3 MDStV: Ralf Wehner Haftungshinweis: Trotz sorgf\u00e4ltiger inhaltlicher Kontrolle \u00fcbernehmen wir keine Haftung f\u00fcr die Inhalte externer Links. F\u00fcr den Inhalt der verlinkten Seiten sind ausschlie\u00dflich deren Betreiber verantwortlich. Die verlinkten Seiten wurden zum Zeitpunkt der <a href=\"https:\/\/stiftung-perspektive-usedom.de\/?page_id=87\" class=\"more-link\">...weiterlesen<span class=\"screen-reader-text\"> \"Impressum \/ Kontakt\"<\/span><\/a><\/p>\n","protected":false},"author":1,"featured_media":0,"parent":0,"menu_order":0,"comment_status":"closed","ping_status":"closed","template":"page-templates\/full-width.php","meta":{"footnotes":""},"class_list":["post-87","page","type-page","status-publish","h-entry","hentry","h-as-page"],"_links":{"self":[{"href":"https:\/\/stiftung-perspektive-usedom.de\/index.php?rest_route=\/wp\/v2\/pages\/87","targetHints":{"allow":["GET"]}}],"collection":[{"href":"https:\/\/stiftung-perspektive-usedom.de\/index.php?rest_route=\/wp\/v2\/pages"}],"about":[{"href":"https:\/\/stiftung-perspektive-usedom.de\/index.php?rest_route=\/wp\/v2\/types\/page"}],"author":[{"embeddable":true,"href":"https:\/\/stiftung-perspektive-usedom.de\/index.php?rest_route=\/wp\/v2\/users\/1"}],"replies":[{"embeddable":true,"href":"https:\/\/stiftung-perspektive-usedom.de\/index.php?rest_route=%2Fwp%2Fv2%2Fcomments&post=87"}],"version-history":[{"count":13,"href":"https:\/\/stiftung-perspektive-usedom.de\/index.php?rest_route=\/wp\/v2\/pages\/87\/revisions"}],"predecessor-version":[{"id":384,"href":"https:\/\/stiftung-perspektive-usedom.de\/index.php?rest_route=\/wp\/v2\/pages\/87\/revisions\/384"}],"wp:attachment":[{"href":"https:\/\/stiftung-perspektive-usedom.de\/index.php?rest_route=%2Fwp%2Fv2%2Fmedia&parent=87"}],"curies":[{"name":"wp","href":"https:\/\/api.w.org\/{rel}","templated":true}]}}

<p>Stiftung Perspektive Usedom<br />
Karnin 7<br />
17406 Usedom</p>
<p>e-mail: info@stiftung-perspektive-usedom.de</p>
<p>Telefon: 0172 392 4190</p>
<p><strong>Inhaltlich Verantwortlicher</strong> gemäß § 10 Absatz 3 MDStV: Ralf Wehner</p>
<p><strong>Haftungshinweis:</strong> Trotz sorgfältiger inhaltlicher Kontrolle übernehmen wir keine Haftung für die Inhalte externer Links. Für den Inhalt der verlinkten Seiten sind ausschließlich deren Betreiber verantwortlich. Die verlinkten Seiten wurden zum Zeitpunkt der Verlinkung auf mögliche Rechtsverstöße überprüft. Rechtswidrige Inhalte waren zum Zeitpunkt der Verlinkung nicht erkennbar. Bei Bekanntwerden von Rechtsverletzungen werden wir derartige Links umgehend entfernen.</p>
<p><strong><span class="kontakt">Datenschutz: </span></strong>Die Nutzung unserer Webseite erfolgt ohne Abfrage personenbezogener Daten oder Aufzeichnungen. Wir verarbeiten die von Ihnen erhaltenen personenbezogenen Daten ausschließlich auf gesicherten PCs in Tabellenverarbeitungsprogrammen, Mail-Accounts oder einem Adressverzeichnis.</p>
<p>Ihre personenbezogenen Daten werden von uns nicht an Dritte weitergegeben, sofern Sie uns keine ausdrückliche Einwilligung erteilt haben (Art. 6 Abs. 1 Satz 1 Buchst. a) DSGVO), wir nicht in Einzelfällen zur Weitergabe rechtlich verpflichtet sind (Art 6 Abs. 1 Satz 1 Buchst. c) DSGVO oder es zur Geltendmachung, Ausübung oder Verteidigung von Rechtsansprüchen erforderlich ist und kein Grund zur Annahme besteht, dass Sie ein überwiegendes schutzwürdiges Interesse an der Nichtweitergabe Ihrer Daten haben (Art. 6 Abs. 1 Satz 1 Buchst. f) DSGVO).</p>
<p>Sie haben das Recht, jederzeit Auskunft zu den über Sie gespeicherten Daten zu erhalten. Sofern Sie personenbezogene Daten bereitgestellt haben, können Sie die Übermittlung dieser Daten verlangen. Zudem können Sie jederzeit die Korrektur oder Löschung Ihrer Daten verlangen, sofern für Letzeres keine gesetzlichen Aufbewahrungspflichten bestehen.</p>
<p>Falls Sie Fragen zum Datenschutz oder zur Datenverarbeitung personenbezogener Daten innerhalb der Stiftung Perspektive Usedom haben, wenden Sie sich bitte an den Vorstand der Stiftung Perspektive Usedom (Kontaktdaten siehe oben). Daneben steht Ihnen ein Beschwerderecht bei einer Aufsichtsbehörde zu.  Für die Stiftung Perspektive Usedom ist dies der Landesbeauftragte für Datenschutz und Informationsfreiheit Mecklenburg-Vorpommern (Schloss Schwerin, 19053 Schwerin).</p>
<p>Der Nutzung von im Rahmen der Impressumspflicht veröffentlichten Kontaktdaten durch Dritte zur Übersendung von nicht angeforderter Werbung und Informationsmaterialien wird hiermit ausdrücklich widersprochen.</p>
<p>&nbsp;</p>
<p>Die Erstellung der Homepage wurde gefördert durch die Ehrenamtsstiftung MV.</p>

<p>Stiftung Perspektive Usedom Karnin 7 17406 Usedom e-mail: info@stiftung-perspektive-usedom.de Telefon: 0172 392 4190 Inhaltlich Verantwortlicher gemäß § 10 Absatz 3 MDStV: Ralf Wehner Haftungshinweis: Trotz sorgfältiger inhaltlicher Kontrolle übernehmen wir keine Haftung für die Inhalte externer Links. Für den Inhalt der verlinkten Seiten sind ausschließlich deren Betreiber verantwortlich. Die verlinkten Seiten wurden zum Zeitpunkt der <a href="https://stiftung-perspektive-usedom.de/?page_id=87" class="more-link">...weiterlesen<span class="screen-reader-text"> "Impressum / Kontakt"</span></a></p>
